{"id":2919,"date":"2018-10-07T17:11:12","date_gmt":"2018-10-07T20:11:12","guid":{"rendered":"https:\/\/www.pequeri.mg.gov.br\/site\/?page_id=2919"},"modified":"2023-01-19T09:44:35","modified_gmt":"2023-01-19T12:44:35","slug":"convenios-federais","status":"publish","type":"page","link":"https:\/\/www.pequeri.mg.gov.br\/site\/convenios-federais\/","title":{"rendered":"Conv\u00eanios Federais"},"content":{"rendered":"\t\t<div data-elementor-type=\"wp-page\" data-elementor-id=\"2919\" class=\"elementor elementor-2919\">\n\t\t\t\t\t\t<section class=\"elementor-section elementor-top-section elementor-element elementor-element-2cc9b78 elementor-section-boxed elementor-section-height-default elementor-section-height-default\" data-id=\"2cc9b78\" data-element_type=\"section\" data-e-type=\"section\">\n\t\t\t\t\t\t<div class=\"elementor-container elementor-column-gap-default\">\n\t\t\t\t\t<div class=\"elementor-column elementor-col-100 elementor-top-column elementor-element elementor-element-63f5197\" data-id=\"63f5197\" data-element_type=\"column\" data-e-type=\"column\">\n\t\t\t<div class=\"elementor-widget-wrap elementor-element-populated\">\n\t\t\t\t\t\t<div class=\"elementor-element elementor-element-6159d52 elementor-widget elementor-widget-text-editor\" data-id=\"6159d52\" data-element_type=\"widget\" data-e-type=\"widget\" data-widget_type=\"text-editor.default\">\n\t\t\t\t<div class=\"elementor-widget-container\">\n\t\t\t\t\t\t\t\t\t<p><img fetchpriority=\"high\" decoding=\"async\" class=\"alignnone size-full wp-image-9028\" src=\"https:\/\/www.pequeri.mg.gov.br\/site\/wp-content\/uploads\/2023\/01\/Planilha-de-Convenios-Portal-da-Transparencia-1.png\" alt=\"\" width=\"2339\" height=\"1655\" \/> <img decoding=\"async\" class=\"alignnone size-full wp-image-9029\" src=\"https:\/\/www.pequeri.mg.gov.br\/site\/wp-content\/uploads\/2023\/01\/Planilha-de-Convenios-Portal-da-Transparencia-2.png\" alt=\"\" width=\"2339\" height=\"1655\" \/> <img decoding=\"async\" class=\"alignnone size-full wp-image-9030\" src=\"https:\/\/www.pequeri.mg.gov.br\/site\/wp-content\/uploads\/2023\/01\/Planilha-de-Convenios-Portal-da-Transparencia-3.png\" alt=\"\" width=\"2339\" height=\"1655\" \/> <img loading=\"lazy\" decoding=\"async\" class=\"alignnone size-full wp-image-9031\" src=\"https:\/\/www.pequeri.mg.gov.br\/site\/wp-content\/uploads\/2023\/01\/Planilha-de-Convenios-Portal-da-Transparencia-4.png\" alt=\"\" width=\"2339\" height=\"1655\" \/> <img loading=\"lazy\" decoding=\"async\" class=\"alignnone size-full wp-image-9032\" src=\"https:\/\/www.pequeri.mg.gov.br\/site\/wp-content\/uploads\/2023\/01\/Planilha-de-Convenios-Portal-da-Transparencia-5.png\" alt=\"\" width=\"2339\" height=\"1655\" \/> <img loading=\"lazy\" decoding=\"async\" class=\"alignnone size-full wp-image-9033\" src=\"https:\/\/www.pequeri.mg.gov.br\/site\/wp-content\/uploads\/2023\/01\/Planilha-de-Convenios-Portal-da-Transparencia-6.png\" alt=\"\" width=\"2339\" height=\"1655\" \/> <img loading=\"lazy\" decoding=\"async\" class=\"alignnone size-full wp-image-9034\" src=\"https:\/\/www.pequeri.mg.gov.br\/site\/wp-content\/uploads\/2023\/01\/Planilha-de-Convenios-Portal-da-Transparencia-7.png\" alt=\"\" width=\"2339\" height=\"1655\" \/>Lorem ipsum dolor sit amet, consectetur adipiscing elit. Ut elit tellus, luctus nec ullamcorper mattis, pulvinar dapibus leo.<\/p>\t\t\t\t\t\t\t\t<\/div>\n\t\t\t\t<\/div>\n\t\t\t\t\t<\/div>\n\t\t<\/div>\n\t\t\t\t\t<\/div>\n\t\t<\/section>\n\t\t\t\t<section class=\"elementor-section elementor-top-section elementor-element elementor-element-86fb494 elementor-section-boxed elementor-section-height-default elementor-section-height-default\" data-id=\"86fb494\" data-element_type=\"section\" data-e-type=\"section\">\n\t\t\t\t\t\t<div class=\"elementor-container elementor-column-gap-default\">\n\t\t\t\t\t<div class=\"elementor-column elementor-col-100 elementor-top-column elementor-element elementor-element-f574a1f\" data-id=\"f574a1f\" data-element_type=\"column\" data-e-type=\"column\">\n\t\t\t<div class=\"elementor-widget-wrap elementor-element-populated\">\n\t\t\t\t\t\t<div class=\"elementor-element elementor-element-2383d9e1 elementor-widget elementor-widget-text-editor\" data-id=\"2383d9e1\" data-element_type=\"widget\" data-e-type=\"widget\" data-widget_type=\"text-editor.default\">\n\t\t\t\t<div class=\"elementor-widget-container\">\n\t\t\t\t\t\t\t\t\t\n\n<table style=\"height: 138px; width: 100%; border-collapse: collapse;\">\n<tbody>\n<tr style=\"height: 35px;\">\n<td style=\"width: 33.3333%; height: 26px;\"><span style=\"font-size: 14pt;\"><strong>Ano<\/strong><\/span><\/td>\n<td style=\"width: 33.3333%; height: 26px;\"><span style=\"font-size: 14pt;\"><strong>\u00d3rg\u00e3o<\/strong><\/span><\/td>\n<td style=\"width: 33.3333%; height: 26px;\"><span style=\"font-size: 14pt;\"><strong>Objetivo<\/strong><\/span><\/td>\n<\/tr>\n<tr style=\"height: 22px;\">\n<td style=\"height: 22px;\"><strong>2017<\/strong><\/td>\n<td style=\"height: 22px;\"><strong>Cidades<\/strong><\/td>\n<td style=\"height: 22px;\"><strong>Pavimenta\u00e7\u00e3o<\/strong><\/td>\n<\/tr>\n<tr style=\"height: 22px;\">\n<td style=\"height: 22px;\"><strong>2017<\/strong><\/td>\n<td style=\"height: 22px;\"><strong>MS\/FNS<\/strong><\/td>\n<td style=\"height: 22px;\"><strong>PAB-CUSTEIO<\/strong><\/td>\n<\/tr>\n<tr style=\"height: 46px;\">\n<td style=\"height: 46px;\"><strong>2017<\/strong><\/td>\n<td style=\"height: 46px;\"><strong>SSP\/MG<\/strong><\/td>\n<td style=\"height: 46px;\"><strong>Uma Viatura para Pol\u00edcia Militar<\/strong><\/td>\n<\/tr>\n<tr style=\"height: 22px;\">\n<td style=\"height: 22px;\"><strong>2018<\/strong><\/td>\n<td style=\"height: 22px;\"><strong>MS\/FNS<\/strong><\/td>\n<td style=\"height: 22px;\"><strong>PAB<\/strong><\/td>\n<\/tr>\n<\/tbody>\n<\/table>\n<table style=\"height: 138px; width: 100%; border-collapse: collapse;\">\n<tbody>\n<tr>\n<td style=\"width: 18.1608%; text-align: center;\"><strong><span style=\"font-size: 14pt;\">\u00a0<\/span><\/strong><\/td>\n<td style=\"width: 12.7012%; text-align: center;\"><strong><span style=\"font-size: 14pt;\">\u00a0<\/span><\/strong><\/td>\n<td style=\"width: 32.1264%; text-align: center;\"><strong><span style=\"font-size: 14pt;\">\u00a0<\/span><\/strong><\/td>\n<td style=\"width: 21.0919%; text-align: center;\"><strong><span style=\"font-size: 14pt;\">\u00a0<\/span><\/strong><\/td>\n<td style=\"width: 15.9196%; text-align: center;\"><strong><span style=\"font-size: 14pt;\">\u00a0<\/span><\/strong><\/td>\n<\/tr>\n<tr style=\"height: 35px;\">\n<td style=\"width: 18.1608%; height: 26px; text-align: center;\"><strong><span style=\"font-size: 14pt;\">N\u00famero<\/span><\/strong><\/td>\n<td style=\"width: 12.7012%; height: 26px; text-align: center;\"><strong><span style=\"font-size: 14pt;\">\u00d3rg\u00e3o<\/span><\/strong><\/td>\n<td style=\"width: 32.1264%; text-align: center;\"><strong><span style=\"font-size: 14pt;\">Descri\u00e7\u00e3o do Objeto<br \/><\/span><\/strong><\/td>\n<td style=\"width: 21.0919%; text-align: center;\"><strong><span style=\"font-size: 14pt;\">Data da Celebra\u00e7\u00e3o<br \/><\/span><\/strong><\/td>\n<td style=\"width: 15.9196%; height: 26px; text-align: center;\"><strong><span style=\"font-size: 14pt;\">Termo Aditivo<br \/><\/span><\/strong><\/td>\n<\/tr>\n<tr style=\"height: 22px;\">\n<td style=\"height: 22px; width: 18.1608%; text-align: center;\"><strong>830278\/2016 &#8211;\u00a0 Minist\u00e9rio das Cidades<\/strong><\/td>\n<td style=\"height: 22px; width: 12.7012%; text-align: center;\"><strong>Federal<\/strong><\/td>\n<td style=\"width: 32.1264%; text-align: center;\"><strong> Execu\u00e7\u00e3o de a\u00e7\u00f5es de infraestrutura urbana, constitu\u00edda de pavimenta\u00e7\u00e3o de vias , drenagem , capta\u00e7\u00e3o de \u00e1guas pluviais , coloca\u00e7\u00e3o de meio fio e sinaliza\u00e7\u00e3o em diversas ruas do munic\u00edpio<\/strong><\/td>\n<td style=\"width: 21.0919%; text-align: center;\"><strong>04\/06\/2018 &#8211; Empresa Com\u00e9rcio Construtora Conservadora MLI LTDA\u00a0<\/strong><\/td>\n<td style=\"height: 22px; width: 15.9196%; text-align: center;\"><strong>1\u00ba T.A de 31\/12\/2018 \u00e0 31\/12\/2019<\/strong><\/td>\n<\/tr>\n<tr style=\"height: 22px;\">\n<td style=\"height: 22px; width: 18.1608%; text-align: center;\"><strong>0441.792-05\/2014- PMGIRS- Plano Munucipal de Gest\u00e3o Integrada de Res\u00edduos S\u00f3lidos. CEIVAP -Sistema de Informa\u00e7\u00f5es Geogr\u00e1ficas e Geoambientais da Bacia Hidrogr\u00e1fica do Rio Para\u00edba do Sul<\/strong><\/td>\n<td style=\"height: 22px; width: 12.7012%; text-align: center;\"><strong>Bacia Hidrogr\u00e1fica<\/strong><\/td>\n<td style=\"width: 32.1264%; text-align: center;\"><strong>Elabora\u00e7\u00e3o do Plano Municipal de Gest\u00e3o Integrada de Res\u00edduos S\u00f3lidos\u00a0<\/strong><\/td>\n<td style=\"width: 21.0919%; text-align: center;\"><strong>08\/01\/2018 Empresa Jos\u00e9 Alberto da Mata Mendes EPP\u00a0<\/strong><\/td>\n<td style=\"height: 22px; width: 15.9196%; text-align: center;\"><strong>3\u00ba TERMO ADITIVO AO CONTRATO DE<\/strong><br \/><strong>REPASSE N\u00ba 0441792-05\/2014\/AGEVAP\/CAIXA, QUE<\/strong><br \/><strong>ENTRE SI FAZEM A UNI\u00c3O FEDERAL, POR<\/strong><br \/><strong>INTERM\u00c9DIO DA AG\u00caNCIA DA BACIA DO RIO PARA\u00cdBA<\/strong><br \/><strong>DO SUL \u2013 AGEVAP, REPRESENTADA PELA CAIXA<\/strong><br \/><strong>ECON\u00d4MICA FEDERAL, E O MUNIC\u00cdPIO DE PEQUERI, AT\u00c9 26\/2\/2020<\/strong><\/td>\n<\/tr>\n<tr style=\"height: 46px;\">\n<td style=\"height: 46px; width: 18.1608%; text-align: center;\"><strong>794926\/2013 Minist\u00e9rio das Cidades<\/strong><\/td>\n<td style=\"height: 46px; width: 12.7012%; text-align: center;\"><strong>Federal<\/strong><\/td>\n<td style=\"width: 32.1264%; text-align: center;\" width=\"172\"><strong>Revitaliza\u00e7\u00e3o da Pra\u00e7a Prefeito Geraldo Fulco: na Rua Manoel Gerv\u00e1sio &#8211; centro, Constru\u00e7\u00e3o da Pra\u00e7a Nova Pequeri: Rua Maria de Lourdes Castro, constru\u00e7\u00e3o da Pra\u00e7a da Rua Fernando Magri : na Rua Fernando Magri, centro<\/strong><\/td>\n<td style=\"width: 21.0919%; text-align: center;\" width=\"194\"><strong>25\/05\/2015<\/strong><\/td>\n<td style=\"width: 15.9196%; text-align: center;\" width=\"141\"><strong>\u00a03 Termos aditivos- final 30\/11\/2019\u00a0 Conv\u00eanio finalizado, Presta\u00e7\u00e3o de Contas Aprovada<\/strong><\/td>\n<\/tr>\n<tr>\n<td style=\"width: 18.1608%; text-align: center;\"><strong>12923.38400001\/14-003<br \/><\/strong><\/td>\n<td style=\"width: 12.7012%; text-align: center;\"><strong>Federal<\/strong><\/td>\n<td style=\"width: 32.1264%; text-align: center;\" width=\"172\"><strong>Requalifica UBS &#8211; Obra e Amplia\u00e7\u00e3o<\/strong><\/td>\n<td style=\"width: 21.0919%; text-align: center;\" width=\"194\"><strong>12\/05\/2014<\/strong><\/td>\n<td style=\"width: 15.9196%; text-align: center;\" width=\"141\"><strong>Finalizado<\/strong><\/td>\n<\/tr>\n<tr>\n<td style=\"width: 18.1608%; text-align: center;\"><strong>1490.01.0000704\/2019-21<\/strong><\/td>\n<td style=\"width: 12.7012%; text-align: center;\"><strong>Estadual\u00a0<\/strong><\/td>\n<td style=\"width: 32.1264%; text-align: center;\"><strong>Academia ao ar livre<\/strong><\/td>\n<td style=\"width: 21.0919%; text-align: center;\" width=\"194\"><strong>13\/03\/2019<\/strong><\/td>\n<td style=\"width: 15.9196%; text-align: center;\">\u00a0<\/td>\n<\/tr>\n<tr>\n<td style=\"width: 18.1608%; text-align: center;\"><strong>857078- M. Cidades<br \/><\/strong><\/td>\n<td style=\"width: 12.7012%; text-align: center;\"><strong>Federal\u00a0<\/strong><\/td>\n<td style=\"width: 32.1264%; text-align: center;\"><strong>Cal\u00e7amento de vias urbanas do munic\u00edpio de Pequeri &#8211; mg\u00a0<\/strong><\/td>\n<td style=\"width: 21.0919%; text-align: center;\"><strong>11\/02\/2020- Empresa MLI\u00a0<\/strong><\/td>\n<td style=\"width: 15.9196%; text-align: center;\">\u00a0<\/td>\n<\/tr>\n<\/tbody>\n<\/table>\t\t\t\t\t\t\t\t<\/div>\n\t\t\t\t<\/div>\n\t\t\t\t\t<\/div>\n\t\t<\/div>\n\t\t\t\t\t<\/div>\n\t\t<\/section>\n\t\t\t\t<\/div>\n\t\t","protected":false},"excerpt":{"rendered":"<p>Lorem ipsum dolor sit amet, consectetur adipiscing elit. Ut elit tellus, luctus nec ullamcorper mattis, pulvinar dapibus leo. Ano \u00d3rg\u00e3o Objetivo 2017 Cidades Pavimenta\u00e7\u00e3o 2017 MS\/FNS PAB-CUSTEIO 2017 SSP\/MG Uma Viatura para Pol\u00edcia Militar 2018 MS\/FNS PAB \u00a0 \u00a0 \u00a0 \u00a0 \u00a0 N\u00famero \u00d3rg\u00e3o Descri\u00e7\u00e3o do Objeto Data da Celebra\u00e7\u00e3o Termo Aditivo 830278\/2016 &#8211;\u00a0 Minist\u00e9rio&hellip;&nbsp;<a href=\"https:\/\/www.pequeri.mg.gov.br\/site\/convenios-federais\/\" rel=\"bookmark\">Continue a ler &raquo;<span class=\"screen-reader-text\">Conv\u00eanios Federais<\/span><\/a><\/p>\n","protected":false},"author":1,"featured_media":0,"parent":0,"menu_order":0,"comment_status":"closed","ping_status":"closed","template":"","meta":{"_eb_attr":"","neve_meta_sidebar":"","neve_meta_container":"","neve_meta_enable_content_width":"off","neve_meta_content_width":0,"neve_meta_title_alignment":"","neve_meta_author_avatar":"","neve_post_elements_order":"","neve_meta_disable_header":"","neve_meta_disable_footer":"","neve_meta_disable_title":"","footnotes":""},"class_list":["post-2919","page","type-page","status-publish","hentry"],"_links":{"self":[{"href":"https:\/\/www.pequeri.mg.gov.br\/site\/wp-json\/wp\/v2\/pages\/2919","targetHints":{"allow":["GET"]}}],"collection":[{"href":"https:\/\/www.pequeri.mg.gov.br\/site\/wp-json\/wp\/v2\/pages"}],"about":[{"href":"https:\/\/www.pequeri.mg.gov.br\/site\/wp-json\/wp\/v2\/types\/page"}],"author":[{"embeddable":true,"href":"https:\/\/www.pequeri.mg.gov.br\/site\/wp-json\/wp\/v2\/users\/1"}],"replies":[{"embeddable":true,"href":"https:\/\/www.pequeri.mg.gov.br\/site\/wp-json\/wp\/v2\/comments?post=2919"}],"version-history":[{"count":13,"href":"https:\/\/www.pequeri.mg.gov.br\/site\/wp-json\/wp\/v2\/pages\/2919\/revisions"}],"predecessor-version":[{"id":9037,"href":"https:\/\/www.pequeri.mg.gov.br\/site\/wp-json\/wp\/v2\/pages\/2919\/revisions\/9037"}],"wp:attachment":[{"href":"https:\/\/www.pequeri.mg.gov.br\/site\/wp-json\/wp\/v2\/media?parent=2919"}],"curies":[{"name":"wp","href":"https:\/\/api.w.org\/{rel}","templated":true}]}}