{"id":8073,"date":"2022-01-03T12:54:28","date_gmt":"2022-01-03T15:54:28","guid":{"rendered":"https:\/\/www.pequeri.mg.gov.br\/site\/?page_id=8073"},"modified":"2022-02-11T15:37:42","modified_gmt":"2022-02-11T18:37:42","slug":"pro-mananciais-programa-socioambiental-de-protecao-e-recuperacao-de-mananciais","status":"publish","type":"page","link":"https:\/\/www.pequeri.mg.gov.br\/site\/pro-mananciais-programa-socioambiental-de-protecao-e-recuperacao-de-mananciais\/","title":{"rendered":"Pr\u00f3-Mananciais (Programa Socioambiental de Prote\u00e7\u00e3o e Recupera\u00e7\u00e3o\u00a0 de Mananciais)"},"content":{"rendered":"\t\t<div data-elementor-type=\"wp-page\" data-elementor-id=\"8073\" class=\"elementor elementor-8073\">\n\t\t\t\t\t\t<section class=\"elementor-section elementor-top-section elementor-element elementor-element-75abda5e elementor-section-boxed elementor-section-height-default elementor-section-height-default\" data-id=\"75abda5e\" data-element_type=\"section\" data-e-type=\"section\">\n\t\t\t\t\t\t<div class=\"elementor-container elementor-column-gap-default\">\n\t\t\t\t\t<div class=\"elementor-column elementor-col-100 elementor-top-column elementor-element elementor-element-2fe1532d\" data-id=\"2fe1532d\" data-element_type=\"column\" data-e-type=\"column\">\n\t\t\t<div class=\"elementor-widget-wrap elementor-element-populated\">\n\t\t\t\t\t\t<div class=\"elementor-element elementor-element-4d09d85 elementor-widget elementor-widget-text-editor\" data-id=\"4d09d85\" data-element_type=\"widget\" data-e-type=\"widget\" data-widget_type=\"text-editor.default\">\n\t\t\t\t<div class=\"elementor-widget-container\">\n\t\t\t\t\t\t\t\t\t<p><\/p>\n<p>O Programa Socioambiental de Prote\u00e7\u00e3o e Recupera\u00e7\u00e3o\u00a0 de Mananciais \u2013 Pr\u00f3-Mananciais tem por objetivo proteger e recuperar as microbacias hidrogr\u00e1ficas e as \u00e1reas de recarga dos aqu\u00edferos dos mananciais utilizados para a capta\u00e7\u00e3o de \u00e1gua para abastecimento p\u00fablico das cidades operadas pela Copasa.<\/p>\n<p><\/p>\n<p><\/p>\n<p>Iniciado em 2017, o Pr\u00f3-Mananciais integra o compromisso da empresa com a responsabilidade\u00a0 socioambiental e o desenvolvimento sustent\u00e1vel, buscando prevenir os efeitos agravados pela crise h\u00eddrica, no contexto das mudan\u00e7as clim\u00e1ticas. O Programa traz em sua concep\u00e7\u00e3o a ideia do antecipar a\u00e7\u00f5es por meio do cuidado, da prote\u00e7\u00e3o e da recupera\u00e7\u00e3o das \u00e1guas e dos pequenos cursos d\u2019\u00e1gua, desde a sua nascente at\u00e9 o seu ponto de capta\u00e7\u00e3o.<\/p>\n<p><\/p>\n<p><\/p>\n<p>As a\u00e7\u00f5es s\u00e3o desenvolvidas a partir do estabelecimento de parcerias com as comunidades locais em conjunto com as prefeituras, representantes de escolas p\u00fablicas, \u00f3rg\u00e3os estaduais e ONGs, entre outros, visando a melhoria da qualidade e quantidade das \u00e1guas, favorecendo a sustentabilidade ambiental, econ\u00f4mica e social.<\/p>\n<p><\/p>\n<p><\/p>\n<p>Dentre as a\u00e7\u00f5es desenvolvidas, destacam-se o cercamento de nascentes e demais \u00c1reas de Prote\u00e7\u00e3o Permanente \u2013 APP, plantio de mudas nativas, constru\u00e7\u00e3o de bacias de conten\u00e7\u00e3o de \u00e1gua de chuva (bols\u00f5es), bem como a realiza\u00e7\u00e3o de oficinas e capacita\u00e7\u00f5es em temas ambientais para o p\u00fablico escolar, agricultores e demais moradores do munic\u00edpio, de forma a promover a cultura da sustentabilidade e, assim, ganhar cada vez mais parceiros na preserva\u00e7\u00e3o ambiental.<\/p>\n<p><\/p>\n<p><\/p>\n<p><strong>Coletivos Locais de Meio Ambiente (Colmeia)<\/strong><\/p>\n<p><\/p>\n<p><\/p>\n<p><br \/>O Programa Pr\u00f3-Mananciais representa um importante instrumento de mobiliza\u00e7\u00e3o social, estimulando a pro atividade, a responsabilidade compartilhada, a solidariedade, a criatividade e o protagonismo, a partir da forma\u00e7\u00e3o de Coletivos Locais de Meio Ambiente (Colmeia) \u2013 grupo formado nos munic\u00edpios que recebem o Programa imprescind\u00edvel em todas as etapas do seu desenvolvimento \u2013 diagn\u00f3stico da bacia hidrogr\u00e1fica, planejamento, execu\u00e7\u00e3o e monitoramento das a\u00e7\u00f5es.<\/p>\n<p><\/p>\n<p><\/p>\n<p><br \/>A Copasa conta com equipes regionalizadas de t\u00e9cnicos que comp\u00f5em o Setor de Atua\u00e7\u00e3o Socioambiental (SAS) da empresa, respons\u00e1veis pela condu\u00e7\u00e3o do processo de forma\u00e7\u00e3o dos Colmeias e acompanhamento do desenvolvimento do Programa nos munic\u00edpios. Al\u00e9m da equipe do SAS, os Colmeias contam com representantes da prefeitura, da Emater e com a participa\u00e7\u00e3o de outras institui\u00e7\u00f5es\/atores interessados em contribuir na recupera\u00e7\u00e3o e preserva\u00e7\u00e3o das bacias hidrogr\u00e1ficas e\/ou \u00e1reas de recargas dos mananciais de abastecimento de \u00e1gua do munic\u00edpio inserido no Programa.<\/p>\n<p><\/p>\n<p><\/p>\n<p>Fonte: https:\/\/www.copasa.com.br\/wps\/portal\/internet\/meio-ambiente\/pro-mananciais<\/p>\n<p><\/p>\n<p><\/p>\n<p><strong>Veja mais: <a href=\"https:\/\/www.pequeri.mg.gov.br\/site\/wp-content\/uploads\/2022\/01\/ProMananciais_Pequeri.pdf\">Pr\u00f3Mananciais_Pequeri<\/a><\/strong><\/p>\n<p><\/p>\n<p><\/p>\n<p><\/p>\n<div class=\"wp-block-image\">\n<figure class=\"alignleft size-large is-resized\"><img fetchpriority=\"high\" decoding=\"async\" class=\"wp-image-8079\" src=\"https:\/\/www.pequeri.mg.gov.br\/site\/wp-content\/uploads\/2022\/01\/WhatsApp-Image-2021-12-28-at-11.39.52-1024x498.jpeg\" alt=\"\" width=\"1280\" height=\"623\" srcset=\"https:\/\/www.pequeri.mg.gov.br\/site\/wp-content\/uploads\/2022\/01\/WhatsApp-Image-2021-12-28-at-11.39.52-1024x498.jpeg 1024w, https:\/\/www.pequeri.mg.gov.br\/site\/wp-content\/uploads\/2022\/01\/WhatsApp-Image-2021-12-28-at-11.39.52-300x146.jpeg 300w, https:\/\/www.pequeri.mg.gov.br\/site\/wp-content\/uploads\/2022\/01\/WhatsApp-Image-2021-12-28-at-11.39.52-768x373.jpeg 768w, https:\/\/www.pequeri.mg.gov.br\/site\/wp-content\/uploads\/2022\/01\/WhatsApp-Image-2021-12-28-at-11.39.52-1536x746.jpeg 1536w, https:\/\/www.pequeri.mg.gov.br\/site\/wp-content\/uploads\/2022\/01\/WhatsApp-Image-2021-12-28-at-11.39.52.jpeg 1599w\" sizes=\"(max-width: 1280px) 100vw, 1280px\" \/>\n<p>\u00a0<\/p>\n<figcaption>Apresenta\u00e7\u00e3o do programa Pr\u00f3-mananciais no munic\u00edpio de PEQUERI.<\/figcaption>\n<\/figure>\n<\/div>\n<p><\/p>\n<p><\/p>\n<p><\/p>\n<p><\/p>\n<p><\/p>\n<p><\/p>\n<p><\/p>\n<p><\/p>\t\t\t\t\t\t\t\t<\/div>\n\t\t\t\t<\/div>\n\t\t\t\t\t<\/div>\n\t\t<\/div>\n\t\t\t\t\t<\/div>\n\t\t<\/section>\n\t\t\t\t<section class=\"elementor-section elementor-top-section elementor-element elementor-element-e00fb2d elementor-section-boxed elementor-section-height-default elementor-section-height-default\" data-id=\"e00fb2d\" data-element_type=\"section\" data-e-type=\"section\">\n\t\t\t\t\t\t<div class=\"elementor-container elementor-column-gap-default\">\n\t\t\t\t\t<div class=\"elementor-column elementor-col-100 elementor-top-column elementor-element elementor-element-f99d928\" data-id=\"f99d928\" data-element_type=\"column\" data-e-type=\"column\">\n\t\t\t<div class=\"elementor-widget-wrap elementor-element-populated\">\n\t\t\t\t\t\t<div class=\"elementor-element elementor-element-07c5f43 elementor-widget elementor-widget-heading\" data-id=\"07c5f43\" data-element_type=\"widget\" data-e-type=\"widget\" data-widget_type=\"heading.default\">\n\t\t\t\t<div class=\"elementor-widget-container\">\n\t\t\t\t\t<h2 class=\"elementor-heading-title elementor-size-default\">Pequeri comemora implanta\u00e7\u00e3o do Pr\u00f3-Mananciais<\/h2>\t\t\t\t<\/div>\n\t\t\t\t<\/div>\n\t\t\t\t\t<\/div>\n\t\t<\/div>\n\t\t\t\t\t<\/div>\n\t\t<\/section>\n\t\t\t\t<section class=\"elementor-section elementor-top-section elementor-element elementor-element-82ece8f elementor-section-boxed elementor-section-height-default elementor-section-height-default\" data-id=\"82ece8f\" data-element_type=\"section\" data-e-type=\"section\">\n\t\t\t\t\t\t<div class=\"elementor-container elementor-column-gap-default\">\n\t\t\t\t\t<div class=\"elementor-column elementor-col-100 elementor-top-column elementor-element elementor-element-f59cb6e\" data-id=\"f59cb6e\" data-element_type=\"column\" data-e-type=\"column\">\n\t\t\t<div class=\"elementor-widget-wrap elementor-element-populated\">\n\t\t\t\t\t\t<div class=\"elementor-element elementor-element-bdd552c elementor-widget elementor-widget-text-editor\" data-id=\"bdd552c\" data-element_type=\"widget\" data-e-type=\"widget\" data-widget_type=\"text-editor.default\">\n\t\t\t\t<div class=\"elementor-widget-container\">\n\t\t\t\t\t\t\t\t\t<p><span style=\"font-weight: 400;\">A prote\u00e7\u00e3o e a recupera\u00e7\u00e3o de nascentes e do c\u00f3rrego Bela It\u00e1lia, principal manancial que abastece o munic\u00edpio de Pequeri, foram temas de uma reuni\u00e3o na sede do Espa\u00e7o Cultural da cidade. O encontro teve o objetivo de dar sequ\u00eancia ao processo de implanta\u00e7\u00e3o do Pr\u00f3-Mananciais no munic\u00edpio localizado na Zona da Mata mineira. Na ocasi\u00e3o, tamb\u00e9m foi realizada a Oficina do Futuro, uma das etapas do programa que tem como meta levantar diagn\u00f3sticos e propor solu\u00e7\u00f5es para a preserva\u00e7\u00e3o ambiental e recupera\u00e7\u00e3o h\u00eddrica do manancial.\u00a0<\/span><\/p>\n<p><span style=\"font-weight: 400;\">Durante a oficina, por meio das atividades denominadas \u201cMuro das Lamenta\u00e7\u00f5es\u201d, \u201c\u00c1rvore da Esperan\u00e7a\u201d e \u201cCaminho Adiante\u201d, foram discutidos os problemas enfrentados ao longo do c\u00f3rrego, bem como apresentadas propostas e firmados acordos para a supera\u00e7\u00e3o desses desafios. Participaram da reuni\u00e3o representantes da Copasa, da Secretaria Municipal de Agricultura, da Defesa Civil, da Associa\u00e7\u00e3o de Produtores Rurais de Pequeri (Aprupe) e tamb\u00e9m o prefeito Glauco Braga F\u00e1vero.<\/span><\/p>\n<p><span style=\"font-weight: 400;\">A produtora rural Enedina Maria Fernandes do Carmo Fran\u00e7a parabenizou a Copasa pela iniciativa e disse estar vendo um sonho se realizar. \u201cSempre sonhei em ver as pessoas mais atentas com o meio ambiente, e o Pr\u00f3-Mananciais vai ajudar a envolver os jovens e as crian\u00e7as, formando uma popula\u00e7\u00e3o mais consciente da import\u00e2ncia da preserva\u00e7\u00e3o\u201d, declarou. A integrante da equipe socioambiental da Copasa Wiviany Meireles fez quest\u00e3o de enaltecer a participa\u00e7\u00e3o de todos e ressaltar que a Oficina do Futuro em Pequeri foi muito proveitosa. \u201cOs participantes foram bem positivos e participativos em todo o tempo. As pessoas est\u00e3o muito motivadas e prontas para somar junto \u00e0s a\u00e7\u00f5es que ir\u00e3o acontecer\u201d, comemorou.\u00a0<\/span><\/p>\n<p><span style=\"font-weight: 400;\">Pr\u00f3ximos passos:\u00a0<\/span><\/p>\n<p><span style=\"font-weight: 400;\">A Copasa e a Prefeitura de Pequeri se preparam para firmar o Acordo de Coopera\u00e7\u00e3o T\u00e9cnica. A partir desse acordo e com a assinatura do Conv\u00eanio de \u00d3leo Diesel, a companhia vai custear o abastecimento de combust\u00edvel das m\u00e1quinas e equipamentos da prefeitura que ser\u00e3o utilizados na realiza\u00e7\u00e3o dos servi\u00e7os dentro do card\u00e1pio do Pr\u00f3 Mananciais. Al\u00e9m disso, em poucos dias, come\u00e7am os levantamentos em campo e o cadastramento dos produtores que queiram integrar o projeto.<\/span><\/p>\n<p><strong>Veja mais: <a href=\"https:\/\/www.pequeri.mg.gov.br\/site\/wp-content\/uploads\/2022\/02\/2022_02_11_UNSL_Oficina_futuro_Pequeri.pdf\">2022_02_11_UNSL_Oficina_futuro_Pequeri<\/a><\/strong><\/p>\n<p><img decoding=\"async\" class=\"alignnone size-full wp-image-8285\" src=\"https:\/\/www.pequeri.mg.gov.br\/site\/wp-content\/uploads\/2022\/02\/IMG_1620-scaled.jpg\" alt=\"\" width=\"2560\" height=\"1707\" srcset=\"https:\/\/www.pequeri.mg.gov.br\/site\/wp-content\/uploads\/2022\/02\/IMG_1620-scaled.jpg 2560w, https:\/\/www.pequeri.mg.gov.br\/site\/wp-content\/uploads\/2022\/02\/IMG_1620-300x200.jpg 300w, https:\/\/www.pequeri.mg.gov.br\/site\/wp-content\/uploads\/2022\/02\/IMG_1620-1024x683.jpg 1024w, https:\/\/www.pequeri.mg.gov.br\/site\/wp-content\/uploads\/2022\/02\/IMG_1620-768x512.jpg 768w, https:\/\/www.pequeri.mg.gov.br\/site\/wp-content\/uploads\/2022\/02\/IMG_1620-1536x1024.jpg 1536w, https:\/\/www.pequeri.mg.gov.br\/site\/wp-content\/uploads\/2022\/02\/IMG_1620-2048x1365.jpg 2048w, https:\/\/www.pequeri.mg.gov.br\/site\/wp-content\/uploads\/2022\/02\/IMG_1620-930x620.jpg 930w\" sizes=\"(max-width: 2560px) 100vw, 2560px\" \/><\/p>\n<p>\u00a0<\/p>\t\t\t\t\t\t\t\t<\/div>\n\t\t\t\t<\/div>\n\t\t\t\t\t<\/div>\n\t\t<\/div>\n\t\t\t\t\t<\/div>\n\t\t<\/section>\n\t\t\t\t<\/div>\n\t\t","protected":false},"excerpt":{"rendered":"<p>O Programa Socioambiental de Prote\u00e7\u00e3o e Recupera\u00e7\u00e3o\u00a0 de Mananciais \u2013 Pr\u00f3-Mananciais tem por objetivo proteger e recuperar as microbacias hidrogr\u00e1ficas e as \u00e1reas de recarga dos aqu\u00edferos dos mananciais utilizados para a capta\u00e7\u00e3o de \u00e1gua para abastecimento p\u00fablico das cidades operadas pela Copasa. Iniciado em 2017, o Pr\u00f3-Mananciais integra o compromisso da empresa com a&hellip;&nbsp;<a href=\"https:\/\/www.pequeri.mg.gov.br\/site\/pro-mananciais-programa-socioambiental-de-protecao-e-recuperacao-de-mananciais\/\" rel=\"bookmark\">Continue a ler &raquo;<span class=\"screen-reader-text\">Pr\u00f3-Mananciais (Programa Socioambiental de Prote\u00e7\u00e3o e Recupera\u00e7\u00e3o\u00a0 de Mananciais)<\/span><\/a><\/p>\n","protected":false},"author":1,"featured_media":0,"parent":0,"menu_order":0,"comment_status":"closed","ping_status":"closed","template":"","meta":{"_eb_attr":"","neve_meta_sidebar":"full-width","neve_meta_container":"","neve_meta_enable_content_width":"on","neve_meta_content_width":100,"neve_meta_title_alignment":"","neve_meta_author_avatar":"","neve_post_elements_order":"","neve_meta_disable_header":"","neve_meta_disable_footer":"","neve_meta_disable_title":"","footnotes":""},"class_list":["post-8073","page","type-page","status-publish","hentry"],"_links":{"self":[{"href":"https:\/\/www.pequeri.mg.gov.br\/site\/wp-json\/wp\/v2\/pages\/8073","targetHints":{"allow":["GET"]}}],"collection":[{"href":"https:\/\/www.pequeri.mg.gov.br\/site\/wp-json\/wp\/v2\/pages"}],"about":[{"href":"https:\/\/www.pequeri.mg.gov.br\/site\/wp-json\/wp\/v2\/types\/page"}],"author":[{"embeddable":true,"href":"https:\/\/www.pequeri.mg.gov.br\/site\/wp-json\/wp\/v2\/users\/1"}],"replies":[{"embeddable":true,"href":"https:\/\/www.pequeri.mg.gov.br\/site\/wp-json\/wp\/v2\/comments?post=8073"}],"version-history":[{"count":13,"href":"https:\/\/www.pequeri.mg.gov.br\/site\/wp-json\/wp\/v2\/pages\/8073\/revisions"}],"predecessor-version":[{"id":8288,"href":"https:\/\/www.pequeri.mg.gov.br\/site\/wp-json\/wp\/v2\/pages\/8073\/revisions\/8288"}],"wp:attachment":[{"href":"https:\/\/www.pequeri.mg.gov.br\/site\/wp-json\/wp\/v2\/media?parent=8073"}],"curies":[{"name":"wp","href":"https:\/\/api.w.org\/{rel}","templated":true}]}}